1.
52974a7
What is 280042 (base 12) in base 16?
a2032
Convert 3022210203 (base 4) to base 12.
340203
Convert 4d13db (base 14) to base 15.
376689
What is c62de (base 15) in base 16?
996b9
What is 8bc0b (base 13) in base 5?
31122234
What is -21021110212121 (base 3) in base 15?
-515cbd
3433642 (base 7) to base 15
87071
-5452045 (base 7) to base 12
-282831
What is -acb9 (base 14) in base 11?
-20562
What is -3412715 (base 9) in base 2?
-111000001000000001111
6416a2 (base 12) to base 5
401004100
Convert -535983 (base 11) to base 7.
-10166403
Convert 110665 (base 8) to base 11.
26030
What is 130482 (base 12) in base 4?
1030012202
What is 224230202 (base 5) in base 8?
3661061
What is 166954 (base 10) in base 8?
506052
What is -1220010221 (base 5) in base 8?
-13017057
Convert 178757 (base 9) to base 8.
331503
Convert 1346872 (base 10) to base 4.
11020310320
Convert 6a513 (base 13) to base 16.
2f695
What is 42822 (base 14) in base 12?
7903a
Convert 5161412 (base 9) to base 13.
756998
What is 1111324003 (base 5) in base 6?
124252124
Convert 110001010010100010001 (base 2) to base 9.
3031468
-1001010101011010100 (base 2) to base 16
-4aad4
What is -1111005 (base 6) in base 14?
-16565
What is d98b2 (base 15) in base 9?
1262125
Convert 172ada (base 16) to base 15.
1eeced
Convert -82698 (base 13) to base 12.
-b3519
Convert -2106588 (base 10) to base 8.
-10022334
11021210012 (base 3) to base 15
1a022
-463215 (base 11) to base 10
-736301
11110101000000100011 (base 2) to base 8
3650043
Convert 100221001220111 (base 3) to base 15.
6e35c4
What is 409588 (base 12) in base 5?
224333304
What is -5327137 (base 8) in base 14?
-28db67
Convert 1356600 (base 7) to base 2.
101100100010011011
What is ca4c0c (base 13) in base 4?
102020021102
-14356513 (base 7) to base 11
-848a44
-1551504 (base 8) to base 16
-6d344
Convert 1012100211211 (base 3) to base 4.
2123201221
-1273b1a (base 13) to base 14
-aa5879
What is -555020 (base 6) in base 15?
-db6c
95285 (base 12) to base 14
51433
1a9323 (base 11) to base 6
10504404
Convert -27995 (base 10) to base 9.
-42355
Convert -11344021002 (base 5) to base 12.
-45397b6
Convert 415016 (base 11) to base 5.
132244032
-709886 (base 10) to base 7
-6014432
Convert 121256 (base 8) to base 10.
41646
-1100011100110100010 (base 2) to base 4
-1203212202
Convert -27106 (base 13) to base 6.
-1320244
-64728 (base 10) to base 8
-176330
What is 53d2 (base 14) in base 11?
a985
30cb32 (base 14) to base 12
676074
What is 454034 (base 6) in base 7?
220105
-128385 (base 13) to base 10
-446607
232066131 (base 7) to base 14
1c6dc88
Convert 98374 (base 10) to base 2.
11000000001000110
What is 420203 (base 7) in base 15?
1658b
50025 (base 6) to base 16
1961
30053030 (base 7) to base 4
21132113210
Convert -1101531 (base 7) to base 15.
-2a046
-100001000100100000000 (base 2) to base 3
-2001001111010
1c034 (base 15) to base 7
526546
765010 (base 11) to base 5
303044434
-5ac13 (base 16) to base 4
-1122300103
-6a732 (base 16) to base 2
-1101010011100110010
What is 35196a7 (base 11) in base 15?
8166bb
Convert 1172113 (base 9) to base 4.
2123300100
What is -11103032 (base 5) in base 12?
-48357
What is 4656854 (base 10) in base 7?
54403556
155296 (base 10) to base 7
1214521
-35236112 (base 7) to base 8
-13652157
1482045 (base 11) to base 7
30360301
What is 202022202020 (base 3) in base 6?
12324010
What is -2565764 (base 9) in base 15?
-1ca50d
What is 1477b2 (base 12) in base 10?
345014
Convert -100030012332 (base 4) to base 10.
-4243902
Convert -53460 (base 8) to base 7.
-122034
Convert -540435 (base 7) to base 3.
-11202202100
What is 125644 (base 8) in base 4?
22232210
Convert -141d026 (base 15) to base 10.
-14522661
What is -18458 (base 10) in base 13?
-852b
-101000001012211 (base 3) to base 5
-2330042141
Convert -22642763 (base 8) to base 7.
-56634144
What is -211202020011211 (base 3) in base 2?
-101110000111101000001010
Convert -33616265 (base 7) to base 3.
-12111210212022
-447563 (base 8) to base 10
-151411
-1120001212002 (base 3) to base 6
-25425302
What is 110011110100000001111 (base 2) in base 15?
2380c2
Convert 11320303301 (base 4) to base 16.
178cf1
Convert 13133213 (base 5) to base 8.
376601
What is 1415797 (base 12) in base 3?
21112211011121
What is -277135 (base 8) in base 2?
-10111111001011101
100122215 (base 6) to base 16
19cb83
What is 10122022010 (base 3) in base 11?
49927
Convert -41a58 (base 14) to base 16.
-26aee
What is -10200011100211 (base 3) in base 15?
-28849d
-51bed (base 15) to base 10
-259198
223432 (base 12) to base 3
1000200111202
Convert -710050 (base 11) to base 10.
-1142053
What is 304053 (base 9) in base 13?
63c99
Convert -11111111110111000000 (base 2) to base 12.
-426594
-7324182 (base 10) to base 2
-11011111100001000010110
Convert -2022211022202 (base 3) to base 12.
-4b7778
Convert -120300202 (base 4) to base 3.
-12011002221
What is 111020122121000 (base 3) in base 2?
11010110110101010101000
What is -10002012112021 (base 3) in base 5?
-404401334
Convert 3313032 (base 6) to base 16.
2858c
Convert -120124400 (base 5) to base 3.
-1001000222220
-24592 (base 14) to base 7
-520142
Convert -1111230114 (base 5) to base 16.
-25515b
Convert 96c74 (base 15) to base 8.
1646734
What is -11001000101011110101 (base 2) in base 9?
-1482518
Convert -364207 (base 8) to base 14.
-33811
-10101110101111000010010 (base 2) to base 8
-25657022
Convert 1263545 (base 7) to base 6.
3325012
Convert -4b8c07 (base 16) to base 2.
-10010111000110000000111
Convert -32043048 (base 9) to base 14.
-209ccc0
What is 1654350 (base 8) in base 4?
1311203220
Convert -4765154 (base 8) to base 7.
-14044144
Convert -100000110110101011101 (base 2) to base 4.
-10012311131
What is -317a9 (base 13) in base 15?
-1b66c
c90436 (base 13) to base 12
16b371a
-1007532 (base 13) to base 6
-251445350
-5e451b (base 16) to base 3
-102121212201121
Convert b11 (base 14) to base 6.
14015
-22330535 (base 6) to base 16
-a629b
What is 1c8e88 (base 16) in base 13?
506ac3
Convert 154315541 (base 6) to base 16.
323ab5
Convert -3200031222 (base 4) to base 14.
-19c986
What is 100110110111110110101 (base 2) in base 14?
2522c5
Convert -3456177 (base 8) to base 6.
-32101155
Convert -3225053 (base 6) to base 8.
-466771
What is -11bf7 (base 16) in base 2?
-10001101111110111
What is -118710 (base 9) in base 15?
-16513
What is -110322301 (base 4) in base 13?
-2cccb
What is -ba2b (base 12) in base 3?
-1001002122
Convert 61a30 (base 11) to base 6.
1534340
-3770400 (base 8) to base 9
-1862087
What is 29002 (base 10) in base 2?
111000101001010
Convert 3b84b (base 13) to base 9.
178557
Convert -24501334 (base 6) to base 11.
-497363
What is -524507 (base 8) in base 11?
-10a042
What is 2c8c61 (base 15) in base 6?
114113401
What is -8dd05b (base 14) in base 11?
-2804748
Convert 10100100100001000000101 (base 2) to base 5.
2340001403
Convert -61200436 (base 7) to base 4.
-103123112020
105634 (base 7) to base 5
1100331
Convert -23340414 (base 5) to base 10.
-215109
What is -12348545 (base 9) in base 2?
-10111000110011001100000
6641 (base 16) to base 13
bbb8
-182545 (base 11) to base 10
-281495
What is -84427 (base 9) in base 7?
-321355
What is 30a59 (base 13) in base 8?
252627
What is -476799 (base 11) in base 2?
-10111000011110110000
-10000010011000010001 (base 2) to base 8
-2023021
Convert -a48d3a (base 15) to base 8.
-35665466
What is 87105 (base 14) in base 15?
66c27
What is 24232420 (base 5) in base 11?
1457a8
What is 442254332 (base 6) in base 10?
7954544
1434461 (base 9) to base 16
c1057
Convert -302757 (base 8) to base 5.
-11143243
-362aaa (base 12) to base 10
-875938
Convert -22313100303 (base 4) to base 12.
-b54043
What is 72722 (base 8) in base 11?
20730
Convert 111f4 (base 16) to base 4.
101013310
What is -100001111100010111 (base 2) in base 15?
-2b2db
Convert -160a80 (base 12) to base 15.
-760a9
Convert 2320545 (base 9) to base 15.
19b682
Convert 1b8c492 (base 13) to base 3.
122020201022122
What is 1111001110100100101 (base 2) in base 6?
14410033
Convert -431084 (base 9) to base 8.
-765254
Convert 11011020120111 (base 3) to base 5.
1031144123
What is 1001201202201 (base 3) in base 2?
10001010000100011110
What is 263633 (base 9) in base 3?
22010201010
32210200011 (base 4) to base 5
1434211100
-aa3634 (base 12